 divided by g.
8
Let z = -66 - -38. Let f = 72 + z. Calculate the remainder when f is divided by 9.
8
Let m(f) = f**3 - f**2 + 5. Let p be m(0). Suppose p*d + 32 = u, 115 = 3*u + 4*d - 0*d. What is the remainder when u is divided by (52/(-12))/((-1)/3)?
11
Let u = -3 - -16. Suppose 314*d = 311*d + 72. Calculate the remainder when d is divided by u.
11
Suppose -4*w - 11 + 3 = 0. Let y be ((-8)/12)/((-2)/12). What is the remainder when w + y + (14 - 2) is divided by 5?
4
What is the remainder when 1018/26 + 14/(-91) is divided by 8?
7
Let t = -70 - -103. Let g(a) = -a**2 + 3*a - 2*a**3 + 3*a**3 + 6*a**2. Calculate the remainder when t is divided by g(-3).
6
Suppose -132 = -0*w - 4*w. Let g(z) = -z**3 + z**2 - z + 3. Let c be g(-3). What is the remainder when w is divided by (-121)/(-7) - 12/c?
16
Let c(d) = d**2 - 12*d - 5. Calculate the remainder when c(14) is divided by 8.
7
Let j(n) = n**3 - 13*n**2 + 12*n + 15. What is the remainder when 28 is divided by j(12)?
13
Let b(g) = -g**2 - 5*g + 3. Suppose 2*q = 5*a - 52, 3*q + 21 = 4*a - 22. Calculate the remainder when a is divided by b(-5).
1
Suppose 5*o - 4*v = -115, -2*v - 2*v - 20 = 0. Let m = 50 + o. What is the remainder when 68 is divided by m?
22
Let p(h) = -h**2 - 6*h - 2. Calculate the remainder when ((-44)/(-7))/(4/14) is divided by p(-4).
4
Let n(b) = b**3 + 12*b**2 + b - 21. What is the remainder when n(-11) is divided by 31?
27
Let s(v) be the second derivative of -5/3*v**3 - 1/12*v**4 - 3*v - 7/2*v**2 + 0. What is the remainder when s(-7) is divided by 8?
6
Let n(b) be the third derivative of b**4/12 - 5*b**3/2 + 2*b**2. Calculate the remainder when 13 is divided by n(10).
3
Calculate the remainder when (-35)/63*-21 + 2/(-3) is divided by 4.
3
Let m be 18/(-5)*(-6 + 1). Suppose 3*x - m - 24 = 0. What is the remainder when x is divided by 5?
4
Let v = 16 - 9. What is the remainder when 19 is divided by v?
5
Suppose 2*y = c - 20, 0*c - 2*c = -3*y - 36. Calculate the remainder when 8/c - 386/(-6) is divided by 22.
21
Let m = -3 + 54. Let l(z) = -z**3 - 3*z**2 - 2*z + 7. Calculate the remainder when m is divided by l(-3).
12
Let o be -1*2 + (-6)/(-3). Let m be 7 - -2 - (o + 2). Suppose 4*a - 7 = 2*c + m, a + 4*c = 8. Calculate the remainder when 6 is divided by a.
2
Let x(c) = 2*c**3 + c**2 - 1. Let a be x(-1). Let w = a - -5. Suppose 0 = w*b - b - 54. Calculate the remainder when b is divided by 15.
12
Suppose -4*p - 2 + 14 = 0. Let u = 17 - p. Calculate the remainder when 25 is divided by u.
11
Let o(h) = h**3 - 2*h**2 + 3. What is the remainder when 46 is divided by o(3)?
10
Let a = -19 + 74. Suppose 5*f - 5*q - a = 0, -f + 0*f = -2*q - 16. Calculate the remainder when 70 is divided by f + -4 + 2*8.
16
Suppose -5*o + 32 = 4*f, 2*f + 5*o - 26 = -0*o. Suppose -f*d + 6 - 3 = 0. What is the remainder when 17 is divided by ((-3)/3)/d - -10?
8
Calculate the remainder when 4 - -3*265/15 is divided by 15.
12
Suppose 0 = -5*m - 0 + 90. What is the remainder when 35 is divided by m?
17
Let m = 40 - 16. What is the remainder when m is divided by 14?
10
Let o be -1*(-2)/(4 - 2). Calculate the remainder when 43 is divided by (0 + 1*15)/o.
13
Let a = 48 + -28. What is the remainder when 37 is divided by a?
17
What is the remainder when 47 is divided by ((-36)/7)/((-6)/28)?
23
Let i be 2 + (-3 - 0) - -5. Suppose 37 = 3*j - 5*r, 0 = i*j - j + 3*r + 3. What is the remainder when 14/8 - 3/j is divided by 1?
0
Let u(z) = -z + z**2 + 2 - 4*z + 3*z. Calculate the remainder when u(7) is divided by 19.
18
Let b(c) = -c**2 - 9*c - 8. Let s be b(-9). Let t(j) = j**3 + 9*j**2 + 3*j + 9. Calculate the remainder when t(s) is divided by 13.
10
Let m be 14/6 - 3/9. Suppose m*d + 2*d = 228. Calculate the remainder when d is divided by 15.
12
Let g be (0 + 2)*15/10. Let q = g + -1. Calculate the remainder when (10/(-4) + q)*-22 is divided by 4.
3
Let r = -16 - -30. Suppose 102 = 4*l - j, -2*l = 3*l - 2*j - 126. Calculate the remainder when l is divided by r.
12
Let y(x) = -x + 27. What is the remainder when y(0) is divided by 7?
6
Suppose -3*n = -71 - 55. Let v = -22 + n. What is the remainder when v is divided by 11?
9
Let v = -9 - -14. What is the remainder when v is divided by 4?
1
Let y(w) = -122*w. Calculate the remainder when y(-1) is divided by 62.
60
Suppose 2*s + 2*q - 64 = -s, -2*s = -5*q - 11. Let x(t) = -2 - 1 + 7*t + 2. Calculate the remainder when x(5) is divided by s.
16
Let s(l) = l + 15. Suppose 0*a - a + 59 = -k, -5*k = 4*a - 236. Calculate the remainder when a is divided by s(0).
14
Let w(h) be the first derivative of -h**3/3 - 5*h**2 - 14*h - 3. What is the remainder when w(-6) is divided by 7?
3
Let u(x) = -x**2 + 9*x - 3. What is the remainder when 14 is divided by u(8)?
4
Suppose 2*j - 4*j = 156. Let t(z) = 24*z**2. Calculate the remainder when t(-1) is divided by (j/9)/((-8)/12).
11
Let a be (-8)/((-1)/(-10)*-2). Let x = a - 63. Let r = x + 37. Calculate the remainder when 41 is divided by r.
13
Let k = 0 - -2. Let y = 2 - k. Let o = y + 15. Calculate the remainder when 28 is divided by o.
13
Suppose 0*s + 8 = 2*s + i, -3*i = -2*s. Suppose -15 = -3*g, -4*b = s*g + 39 - 254. Calculate the remainder when b is divided by 17.
16
Suppose -5*j = -10, 2*w + 106 = 6*w - 3*j. Suppose 2*y + 3*y = 50. What is the remainder when w is divided by y?
8
Let u(m) = -m**2 - 13*m - 12. Let a be u(-11). What is the remainder when (-200)/(-5)*8/a is divided by 11?
10
What is the remainder when 2*-10*(-3)/3 is divided by 8?
4
Let n = 50 - 25. Suppose 0 = -5*q - n + 5. Let r = 10 + q. Calculate the remainder when 17 is divided by r.
5
Suppose k + 11 = -5*m, 3*m = 2*k - 20 + 3. Let f be (0 + 1)/(-1 + 0). What is the remainder when 1 - -8 - (f - 0) is divided by k?
2
Suppose 0*j + 2*j = 46. What is the remainder when j is divided by -3 + (3 - (-14 - -2))?
11
Calculate the remainder when 44 is divided by 3/(-8) + 1/((-32)/(-332)).
4
Suppose 5*k - 4*w - 224 = 0, 3*k - 133 = w - 0*w. Suppose -2*l = 5*z + l - 115, -4*l + 69 = 3*z. What is the remainder when k is divided by z?
21
Suppose -4*u = -5*u + 3. Suppose -4*p = f - 6*f + 69, -u*p = -3*f + 42. What is the remainder when 24 is divided by f?
11
Let t = 21 + 57. Let p = -26 + t. Let j = p - 29. What is the remainder when j is divided by 13?
10
Let a = 1 + 3. Suppose 2*y - z - 13 = 0, 4*y - z - 17 = 4*z. Suppose 3*u - y = 10. What is the remainder when u is divided by a?
2
Let c be (-8)/12 - (-17)/3. Suppose -5*a + 109 = 3*l, 0 = a - c. Suppose -5*o + l - 9 = -2*m, 4*o - 32 = -4*m. What is the remainder when 7 is divided by m?
1
Let t = -3 + 6. Let g(d) = -d**2 + 3*d. Let r be g(t). What is the remainder when (-38)/(1*(-1 - r)) is divided by 13?
12
Suppose -3 = 2*j - 15. Suppose j = 3*f - 3. Calculate the remainder when 3 is divided by f.
0
Suppose -4*a = -5*o - 87, 4*a - 60 = a + 2*o. What is the remainder when a is divided by 10?
8
Let l(u) = -u + 6. Let s be l(6). Calculate the remainder when 41 is divided by (-11)/(1 - 2 - s).
8
Let a(l) = -49*l + 7. Let k(v) = 24*v - 3. Let n(f) = -4*a(f) - 9*k(f). Calculate the remainder when (-2)/11 - (-1194)/33 is divided by n(-1).
17
Let o be 182/15 - (-22)/(-165). Let f = 19 - o. Calculate the remainder when f is divided by 3.
1
Let o = 40 + -38. What is the remainder when 9 is divided by o?
1
Suppose 2*g - 44 = -0*g. Suppose 4 = v + 3. What is the remainder when g is divided by v/(-5) + 123/15?
6
Suppose t - 1 = 17. Let i(b) = b + 9. Let p be i(-7). Suppose -r + 156 = p*r. Calculate the remainder when r is divided by t.
16
Let m be (3 - -21)*2/3. Suppose -2*u - m = -6, -5*r + 3*u = -50. Suppose -y + 20 = -0*y. Calculate the remainder when y is divided by r.
6
Let a = 92 - 7. Calculate the remainder when a is divided by 22.
19
Suppose 4*v - 42 = 58. Calculate the remainder when v is divided by 9.
7
Suppose -5*y = -3*q - 13, -3*y - y + 6 = 2*q. What is the remainder when 20/3 - (-2)/6 is divided by y?
1
Let n = 15 + -21. Let u be n*2/(-3) - -1. Suppose -u*p + 18 + 67 = 0. What is the remainder when p is divided by 6?
5
Suppose -2*p = 2*i - 42, 4*i + i - 5*p - 75 = 0. Suppose -5 = b + 16. Calculate the remainder when i is divided by 6/14 - 138/b.
4
What is the remainder when 31 is divided by ((-4)/2)/(48/(-216))?
4
Suppo